{"id":6,"date":"2023-11-13T02:31:37","date_gmt":"2023-11-13T02:31:37","guid":{"rendered":"https:\/\/xolotl.freeddns.org\/sitios\/huertos\/?page_id=6"},"modified":"2024-03-02T22:58:51","modified_gmt":"2024-03-02T22:58:51","slug":"huerto-urbano-pipila","status":"publish","type":"page","link":"https:\/\/haciendosinapsys.org\/sitios\/huertos\/huerto-urbano-pipila\/","title":{"rendered":"Huerto Urbano P\u00edpila \u00a0"},"content":{"rendered":"\t\t<div data-elementor-type=\"wp-page\" data-elementor-id=\"6\" class=\"elementor elementor-6\">\n\t\t\t\t<div class=\"elementor-element elementor-element-22e5264 e-flex e-con-boxed e-con e-parent\" data-id=\"22e5264\" data-element_type=\"container\" data-e-type=\"container\">\n\t\t\t\t\t<div class=\"e-con-inner\">\n\t\t\t\t<div class=\"elementor-element elementor-element-c47c909 elementor-widget elementor-widget-image\" data-id=\"c47c909\" data-element_type=\"widget\" data-e-type=\"widget\" data-widget_type=\"image.default\">\n\t\t\t\t<div class=\"elementor-widget-container\">\n\t\t\t\t\t\t\t\t\t\t\t\t\t\t\t<img fetchpriority=\"high\" decoding=\"async\" width=\"1024\" height=\"576\" src=\"https:\/\/haciendosinapsys.org\/sitios\/huertos\/wp-content\/uploads\/sites\/2\/2023\/11\/huerto_pipila-1024x576.jpg\" class=\"attachment-large size-large wp-image-9\" alt=\"\" srcset=\"https:\/\/haciendosinapsys.org\/sitios\/huertos\/wp-content\/uploads\/sites\/2\/2023\/11\/huerto_pipila-1024x576.jpg 1024w, https:\/\/haciendosinapsys.org\/sitios\/huertos\/wp-content\/uploads\/sites\/2\/2023\/11\/huerto_pipila-300x169.jpg 300w, https:\/\/haciendosinapsys.org\/sitios\/huertos\/wp-content\/uploads\/sites\/2\/2023\/11\/huerto_pipila-768x432.jpg 768w, https:\/\/haciendosinapsys.org\/sitios\/huertos\/wp-content\/uploads\/sites\/2\/2023\/11\/huerto_pipila-1x1.jpg 1w, https:\/\/haciendosinapsys.org\/sitios\/huertos\/wp-content\/uploads\/sites\/2\/2023\/11\/huerto_pipila.jpg 1280w\" sizes=\"(max-width: 1024px) 100vw, 1024px\" \/>\t\t\t\t\t\t\t\t\t\t\t\t\t\t\t<\/div>\n\t\t\t\t<\/div>\n\t\t\t\t\t<\/div>\n\t\t\t\t<\/div>\n\t\t<div class=\"elementor-element elementor-element-a733977 e-flex e-con-boxed e-con e-parent\" data-id=\"a733977\" data-element_type=\"container\" data-e-type=\"container\">\n\t\t\t\t\t<div class=\"e-con-inner\">\n\t\t\t\t<div class=\"elementor-element elementor-element-7e975b9 elementor-widget elementor-widget-text-editor\" data-id=\"7e975b9\" data-element_type=\"widget\" data-e-type=\"widget\" data-widget_type=\"text-editor.default\">\n\t\t\t\t<div class=\"elementor-widget-container\">\n\t\t\t\t\t\t\t\t\t<div class=\"\" dir=\"auto\"><div id=\":r64c:\" class=\"x1iorvi4 x1pi30zi x1l90r2v x1swvt13\" data-ad-comet-preview=\"message\" data-ad-preview=\"message\"><div class=\"x78zum5 xdt5ytf xz62fqu x16ldp7u\"><div class=\"xu06os2 x1ok221b\"><div class=\"xdj266r x11i5rnm xat24cr x1mh8g0r x1vvkbs x126k92a\"><div dir=\"auto\">La Preparatoria 55 en convenio con la Alcald\u00eda Iztapalapa, la Territorial Acahualtepec-Teotongo, la Preparatoria 224, la Universidad Revoluci\u00f3n, la Universidad Miravalle y la Universidad Nacional Comunitaria ha hecho posible la rehabilitaci\u00f3n del &#8220;Huerto Urbano P\u00edpila&#8221;.<\/div><div dir=\"auto\">\u00a0<\/div><\/div><div class=\"x11i5rnm xat24cr x1mh8g0r x1vvkbs xtlvy1s x126k92a\"><div dir=\"auto\">El prop\u00f3sito de este proyecto, es poner en pr\u00e1ctica la construcci\u00f3n colectiva del conocimiento derivada de la autogesti\u00f3n curricular para la obtenci\u00f3n de alimentos agroecol\u00f3gicos.<\/div><div dir=\"auto\">\u00a0<\/div><\/div><div class=\"x11i5rnm xat24cr x1mh8g0r x1vvkbs xtlvy1s x126k92a\"><div dir=\"auto\">Los distintos participantes, encuentran en el P\u00edpila un espacio-tiempo alternativo de sobrevivencia para compensar la escasez de ingresos, el desempleo, la enfermedad y la falta de alimentos. Por tal motivo, en este sitio existe una compartici\u00f3n y recuperaci\u00f3n de saberes encaminados a aprehender las diversas formas de sembrar y cuidar los cultivos garantizando una variedad de suministros durante todo el a\u00f1o.<\/div><div dir=\"auto\">\u00a0<\/div><\/div><div class=\"x11i5rnm xat24cr x1mh8g0r x1vvkbs xtlvy1s x126k92a\"><div dir=\"auto\">L@s ni\u00f1@s, l@s j\u00f3venes, los diferentes colectivos de mujeres y hombres que nos visitan se sensibilizan sobre temas que giran en torno a la educaci\u00f3n ambiental, a fin de revalorar las formas de explicarse su actuar en el medio social y natural.<\/div><div dir=\"auto\">\u00a0<\/div><div dir=\"auto\">Pretendemos que nuestro huerto sea el lugar en el que la gente se involucre para fortalecer, trasmitir valores, actitudes y pr\u00e1cticas personales encaminados a mejorar el lugar donde vivimos.<\/div><div dir=\"auto\">\u00a0<\/div><\/div><div class=\"x11i5rnm xat24cr x1mh8g0r x1vvkbs xtlvy1s x126k92a\"><div dir=\"auto\">El trabajo comunitario es parte fundamental de nuestro compromiso, es as\u00ed como, despu\u00e9s de varias semanas de esfuerzos hemos logrado en colectivo la rehabilitaci\u00f3n de este espacio posicion\u00e1ndolo como un espacio verde de relevancia en la gran urbe.<\/div><div dir=\"auto\">\u00a0<\/div><\/div><div class=\"x11i5rnm xat24cr x1mh8g0r x1vvkbs xtlvy1s x126k92a\"><div dir=\"auto\">El P\u00edpila cuenta con 10 camas de cultivo, dos de ellas destinadas a la producci\u00f3n agroecol\u00f3gica de plantas medicinales, un compostero, y dem\u00e1s infraestructura, pr\u00f3ximamente estar\u00e1 habilitada el \u00e1rea donde se compartir\u00e1n diversos talleres.<\/div><\/div><div class=\"x11i5rnm xat24cr x1mh8g0r x1vvkbs xtlvy1s x126k92a\"><div dir=\"auto\">\u00a0<\/div><\/div><div class=\"x11i5rnm xat24cr x1mh8g0r x1vvkbs xtlvy1s x126k92a\"><div dir=\"auto\">\u00a1Ven a degustar los sabores, colores, texturas y aromas!<\/div><div dir=\"auto\">\u00a1Alimentos org\u00e1nicos del Huerto P\u00edpila a tu mesa!<\/div><\/div><\/div><\/div><\/div><\/div><div>\u00a0<\/div><div>\u00a0<\/div>\t\t\t\t\t\t\t\t<\/div>\n\t\t\t\t<\/div>\n\t\t\t\t\t<\/div>\n\t\t\t\t<\/div>\n\t\t<div class=\"elementor-element elementor-element-e6c6841 e-flex e-con-boxed e-con e-parent\" data-id=\"e6c6841\" data-element_type=\"container\" data-e-type=\"container\">\n\t\t\t\t\t<div class=\"e-con-inner\">\n\t\t\t\t<div class=\"elementor-element elementor-element-7691721 elementor-widget elementor-widget-image\" data-id=\"7691721\" data-element_type=\"widget\" data-e-type=\"widget\" data-widget_type=\"image.default\">\n\t\t\t\t<div class=\"elementor-widget-container\">\n\t\t\t\t\t\t\t\t\t\t\t\t\t\t\t<img decoding=\"async\" width=\"1024\" height=\"1008\" src=\"https:\/\/haciendosinapsys.org\/sitios\/huertos\/wp-content\/uploads\/sites\/2\/2024\/03\/huerto-urbano_pipila-infografia-1024x1008.jpg\" class=\"attachment-large size-large wp-image-131\" alt=\"\" srcset=\"https:\/\/haciendosinapsys.org\/sitios\/huertos\/wp-content\/uploads\/sites\/2\/2024\/03\/huerto-urbano_pipila-infografia-1024x1008.jpg 1024w, https:\/\/haciendosinapsys.org\/sitios\/huertos\/wp-content\/uploads\/sites\/2\/2024\/03\/huerto-urbano_pipila-infografia-300x295.jpg 300w, https:\/\/haciendosinapsys.org\/sitios\/huertos\/wp-content\/uploads\/sites\/2\/2024\/03\/huerto-urbano_pipila-infografia-768x756.jpg 768w, https:\/\/haciendosinapsys.org\/sitios\/huertos\/wp-content\/uploads\/sites\/2\/2024\/03\/huerto-urbano_pipila-infografia-1x1.jpg 1w, https:\/\/haciendosinapsys.org\/sitios\/huertos\/wp-content\/uploads\/sites\/2\/2024\/03\/huerto-urbano_pipila-infografia.jpg 1500w\" sizes=\"(max-width: 1024px) 100vw, 1024px\" \/>\t\t\t\t\t\t\t\t\t\t\t\t\t\t\t<\/div>\n\t\t\t\t<\/div>\n\t\t\t\t\t<\/div>\n\t\t\t\t<\/div>\n\t\t<div class=\"elementor-element elementor-element-42230b2 e-flex e-con-boxed e-con e-parent\" data-id=\"42230b2\" data-element_type=\"container\" data-e-type=\"container\">\n\t\t\t\t\t<div class=\"e-con-inner\">\n\t\t\t\t<div class=\"elementor-element elementor-element-59925a3 elementor-widget elementor-widget-video\" data-id=\"59925a3\" data-element_type=\"widget\" data-e-type=\"widget\" data-settings=\"{&quot;youtube_url&quot;:&quot;https:\\\/\\\/www.youtube.com\\\/watch?v=oFK2LohFD5s&quot;,&quot;video_type&quot;:&quot;youtube&quot;,&quot;controls&quot;:&quot;yes&quot;}\" data-widget_type=\"video.default\">\n\t\t\t\t<div class=\"elementor-widget-container\">\n\t\t\t\t\t\t\t<div class=\"elementor-wrapper elementor-open-inline\">\n\t\t\t<div class=\"elementor-video\"><\/div>\t\t<\/div>\n\t\t\t\t\t\t<\/div>\n\t\t\t\t<\/div>\n\t\t\t\t\t<\/div>\n\t\t\t\t<\/div>\n\t\t<div class=\"elementor-element elementor-element-086558e e-flex e-con-boxed e-con e-parent\" data-id=\"086558e\" data-element_type=\"container\" data-e-type=\"container\">\n\t\t\t\t\t<div class=\"e-con-inner\">\n\t\t\t\t<div class=\"elementor-element elementor-element-8692034 elementor-widget elementor-widget-image\" data-id=\"8692034\" data-element_type=\"widget\" data-e-type=\"widget\" data-widget_type=\"image.default\">\n\t\t\t\t<div class=\"elementor-widget-container\">\n\t\t\t\t\t\t\t\t\t\t\t\t\t\t\t<img decoding=\"async\" width=\"1024\" height=\"770\" src=\"https:\/\/haciendosinapsys.org\/sitios\/huertos\/wp-content\/uploads\/sites\/2\/2023\/11\/huerto_pipila1-1024x770.jpg\" class=\"attachment-large size-large wp-image-14\" alt=\"\" srcset=\"https:\/\/haciendosinapsys.org\/sitios\/huertos\/wp-content\/uploads\/sites\/2\/2023\/11\/huerto_pipila1-1024x770.jpg 1024w, https:\/\/haciendosinapsys.org\/sitios\/huertos\/wp-content\/uploads\/sites\/2\/2023\/11\/huerto_pipila1-300x226.jpg 300w, https:\/\/haciendosinapsys.org\/sitios\/huertos\/wp-content\/uploads\/sites\/2\/2023\/11\/huerto_pipila1-768x578.jpg 768w, https:\/\/haciendosinapsys.org\/sitios\/huertos\/wp-content\/uploads\/sites\/2\/2023\/11\/huerto_pipila1-1x1.jpg 1w, https:\/\/haciendosinapsys.org\/sitios\/huertos\/wp-content\/uploads\/sites\/2\/2023\/11\/huerto_pipila1.jpg 1280w\" sizes=\"(max-width: 1024px) 100vw, 1024px\" \/>\t\t\t\t\t\t\t\t\t\t\t\t\t\t\t<\/div>\n\t\t\t\t<\/div>\n\t\t\t\t\t<\/div>\n\t\t\t\t<\/div>\n\t\t<div class=\"elementor-element elementor-element-36d794a e-flex e-con-boxed e-con e-parent\" data-id=\"36d794a\" data-element_type=\"container\" data-e-type=\"container\">\n\t\t\t\t\t<div class=\"e-con-inner\">\n\t\t\t\t<div class=\"elementor-element elementor-element-54db3d4 elementor-widget elementor-widget-heading\" data-id=\"54db3d4\" data-element_type=\"widget\" data-e-type=\"widget\" data-widget_type=\"heading.default\">\n\t\t\t\t<div class=\"elementor-widget-container\">\n\t\t\t\t\t<h2 class=\"elementor-heading-title elementor-size-default\">Ubicaci\u00f3n\n<\/h2>\t\t\t\t<\/div>\n\t\t\t\t<\/div>\n\t\t\t\t\t<\/div>\n\t\t\t\t<\/div>\n\t\t<div class=\"elementor-element elementor-element-b7362e0 e-flex e-con-boxed e-con e-parent\" data-id=\"b7362e0\" data-element_type=\"container\" data-e-type=\"container\">\n\t\t\t\t\t<div class=\"e-con-inner\">\n\t\t\t\t<div class=\"elementor-element elementor-element-e5e443f elementor-widget elementor-widget-text-editor\" data-id=\"e5e443f\" data-element_type=\"widget\" data-e-type=\"widget\" data-widget_type=\"text-editor.default\">\n\t\t\t\t<div class=\"elementor-widget-container\">\n\t\t\t\t\t\t\t\t\t<div class=\"x9f619 x1n2onr6 x1ja2u2z x78zum5 x2lah0s x1nhvcw1 x1qjc9v5 xozqiw3 x1q0g3np xyamay9 xykv574 xbmpl8g x4cne27 xifccgj\"><div class=\"x9f619 x1n2onr6 x1ja2u2z x78zum5 xdt5ytf x193iq5w xeuugli x1r8uery x1iyjqo2 xs83m0k xamitd3 xsyo7zv x16hj40l x10b6aqq x1yrsyyn\"><div class=\"x1i10hfl xjbqb8w x6umtig x1b1mbwd xaqea5y xav7gou x9f619 x1ypdohk xt0psk2 xe8uvvx xdj266r x11i5rnm xat24cr x1mh8g0r xexx8yu x4uap5 x18d9i69 xkhd6sd x16tdsg8 x1hl2dhg xggy1nq x1a2a7pz x1heor9g xt0b8zv\" tabindex=\"0\" role=\"button\"><span class=\"x193iq5w xeuugli x13faqbe x1vvkbs x10flsy6 x1lliihq x1s928wv xhkezso x1gmr53x x1cpjm7i x1fgarty x1943h6x x4zkp8e x41vudc x6prxxf xvq8zen xo1l8bm xzsf02u\" dir=\"auto\">Eje 5 y 6 cruce con calle Pipila colonia Ixtlahuac\u00e1n Alcald\u00eda Iztapalapa CDMX.<br \/><\/span><\/div><\/div><\/div>\t\t\t\t\t\t\t\t<\/div>\n\t\t\t\t<\/div>\n\t\t\t\t\t<\/div>\n\t\t\t\t<\/div>\n\t\t<div class=\"elementor-element elementor-element-8692e34 e-flex e-con-boxed e-con e-parent\" data-id=\"8692e34\" data-element_type=\"container\" data-e-type=\"container\">\n\t\t\t\t\t<div class=\"e-con-inner\">\n\t\t\t\t<div class=\"elementor-element elementor-element-d267f20 elementor-widget elementor-widget-google_maps\" data-id=\"d267f20\" data-element_type=\"widget\" data-e-type=\"widget\" data-widget_type=\"google_maps.default\">\n\t\t\t\t<div class=\"elementor-widget-container\">\n\t\t\t\t\t\t\t<div class=\"elementor-custom-embed\">\n\t\t\t<iframe loading=\"lazy\"\n\t\t\t\t\tsrc=\"https:\/\/maps.google.com\/maps?q=Huerto%20urbano%20p%C3%ADpila&#038;t=m&#038;z=15&#038;output=embed&#038;iwloc=near\"\n\t\t\t\t\ttitle=\"Huerto urbano p\u00edpila\"\n\t\t\t\t\taria-label=\"Huerto urbano p\u00edpila\"\n\t\t\t><\/iframe>\n\t\t<\/div>\n\t\t\t\t\t\t<\/div>\n\t\t\t\t<\/div>\n\t\t\t\t\t<\/div>\n\t\t\t\t<\/div>\n\t\t<div class=\"elementor-element elementor-element-322d9a4 e-flex e-con-boxed e-con e-parent\" data-id=\"322d9a4\" data-element_type=\"container\" data-e-type=\"container\">\n\t\t\t\t\t<div class=\"e-con-inner\">\n\t\t\t\t<div class=\"elementor-element elementor-element-d26568c elementor-widget elementor-widget-text-editor\" data-id=\"d26568c\" data-element_type=\"widget\" data-e-type=\"widget\" data-widget_type=\"text-editor.default\">\n\t\t\t\t<div class=\"elementor-widget-container\">\n\t\t\t\t\t\t\t\t\t<p>Redes Sociales<\/p><p><a href=\"https:\/\/www.facebook.com\/profile.php?id=100093034232109\" target=\"_blank\" rel=\"noopener\">Facebook<\/a><\/p>\t\t\t\t\t\t\t\t<\/div>\n\t\t\t\t<\/div>\n\t\t\t\t\t<\/div>\n\t\t\t\t<\/div>\n\t\t\t\t<\/div>\n\t\t","protected":false},"excerpt":{"rendered":"<p>La Preparatoria 55 en convenio con la Alcald\u00eda Iztapalapa, la Territorial Acahualtepec-Teotongo, la Preparatoria 224, la Universidad Revoluci\u00f3n, la Universidad Miravalle y la Universidad Nacional Comunitaria ha hecho posible la rehabilitaci\u00f3n del &#8220;Huerto Urbano P\u00edpila&#8221;.\u00a0El prop\u00f3sito de este proyecto, es poner en pr\u00e1ctica la construcci\u00f3n colectiva del conocimiento derivada de la autogesti\u00f3n curricular para la [&hellip;]<\/p>\n","protected":false},"author":1,"featured_media":0,"parent":0,"menu_order":0,"comment_status":"closed","ping_status":"closed","template":"","meta":{"_joinchat":[],"footnotes":""},"class_list":["post-6","page","type-page","status-publish","hentry"],"yoast_head":"<!-- This site is optimized with the Yoast SEO plugin v27.2 - https:\/\/yoast.com\/product\/yoast-seo-wordpress\/ -->\n<title>Huerto Urbano P\u00edpila \u00a0 - Huertos - Sinapsys<\/title>\n<meta name=\"robots\" content=\"index, follow, max-snippet:-1, max-image-preview:large, max-video-preview:-1\" \/>\n<link rel=\"canonical\" href=\"https:\/\/haciendosinapsys.org\/sitios\/huertos\/huerto-urbano-pipila\/\" \/>\n<meta property=\"og:locale\" content=\"es_MX\" \/>\n<meta property=\"og:type\" content=\"article\" \/>\n<meta property=\"og:title\" content=\"Huerto Urbano P\u00edpila \u00a0 - Huertos - Sinapsys\" \/>\n<meta property=\"og:description\" content=\"La Preparatoria 55 en convenio con la Alcald\u00eda Iztapalapa, la Territorial Acahualtepec-Teotongo, la Preparatoria 224, la Universidad Revoluci\u00f3n, la Universidad Miravalle y la Universidad Nacional Comunitaria ha hecho posible la rehabilitaci\u00f3n del &#8220;Huerto Urbano P\u00edpila&#8221;.\u00a0El prop\u00f3sito de este proyecto, es poner en pr\u00e1ctica la construcci\u00f3n colectiva del conocimiento derivada de la autogesti\u00f3n curricular para la [&hellip;]\" \/>\n<meta property=\"og:url\" content=\"https:\/\/haciendosinapsys.org\/sitios\/huertos\/huerto-urbano-pipila\/\" \/>\n<meta property=\"og:site_name\" content=\"Huertos - Sinapsys\" \/>\n<meta property=\"article:publisher\" content=\"https:\/\/www.facebook.com\/prepa55\" \/>\n<meta property=\"article:modified_time\" content=\"2024-03-02T22:58:51+00:00\" \/>\n<meta property=\"og:image\" content=\"https:\/\/haciendosinapsys.org\/sitios\/huertos\/wp-content\/uploads\/sites\/2\/2023\/11\/huerto_pipila-1024x576.jpg\" \/>\n<meta name=\"twitter:card\" content=\"summary_large_image\" \/>\n<meta name=\"twitter:label1\" content=\"Tiempo de lectura\" \/>\n\t<meta name=\"twitter:data1\" content=\"2 minutos\" \/>\n<script type=\"application\/ld+json\" class=\"yoast-schema-graph\">{\"@context\":\"https:\/\/schema.org\",\"@graph\":[{\"@type\":\"WebPage\",\"@id\":\"https:\/\/haciendosinapsys.org\/sitios\/huertos\/huerto-urbano-pipila\/\",\"url\":\"https:\/\/haciendosinapsys.org\/sitios\/huertos\/huerto-urbano-pipila\/\",\"name\":\"Huerto Urbano P\u00edpila \u00a0 - Huertos - Sinapsys\",\"isPartOf\":{\"@id\":\"https:\/\/haciendosinapsys.org\/sitios\/huertos\/#website\"},\"primaryImageOfPage\":{\"@id\":\"https:\/\/haciendosinapsys.org\/sitios\/huertos\/huerto-urbano-pipila\/#primaryimage\"},\"image\":{\"@id\":\"https:\/\/haciendosinapsys.org\/sitios\/huertos\/huerto-urbano-pipila\/#primaryimage\"},\"thumbnailUrl\":\"https:\/\/haciendosinapsys.org\/sitios\/huertos\/wp-content\/uploads\/sites\/2\/2023\/11\/huerto_pipila-1024x576.jpg\",\"datePublished\":\"2023-11-13T02:31:37+00:00\",\"dateModified\":\"2024-03-02T22:58:51+00:00\",\"breadcrumb\":{\"@id\":\"https:\/\/haciendosinapsys.org\/sitios\/huertos\/huerto-urbano-pipila\/#breadcrumb\"},\"inLanguage\":\"es\",\"potentialAction\":[{\"@type\":\"ReadAction\",\"target\":[\"https:\/\/haciendosinapsys.org\/sitios\/huertos\/huerto-urbano-pipila\/\"]}]},{\"@type\":\"ImageObject\",\"inLanguage\":\"es\",\"@id\":\"https:\/\/haciendosinapsys.org\/sitios\/huertos\/huerto-urbano-pipila\/#primaryimage\",\"url\":\"https:\/\/haciendosinapsys.org\/sitios\/huertos\/wp-content\/uploads\/sites\/2\/2023\/11\/huerto_pipila.jpg\",\"contentUrl\":\"https:\/\/haciendosinapsys.org\/sitios\/huertos\/wp-content\/uploads\/sites\/2\/2023\/11\/huerto_pipila.jpg\",\"width\":1280,\"height\":720},{\"@type\":\"BreadcrumbList\",\"@id\":\"https:\/\/haciendosinapsys.org\/sitios\/huertos\/huerto-urbano-pipila\/#breadcrumb\",\"itemListElement\":[{\"@type\":\"ListItem\",\"position\":1,\"name\":\"Home\",\"item\":\"https:\/\/haciendosinapsys.org\/sitios\/huertos\/\"},{\"@type\":\"ListItem\",\"position\":2,\"name\":\"Huerto Urbano P\u00edpila \u00a0\"}]},{\"@type\":\"WebSite\",\"@id\":\"https:\/\/haciendosinapsys.org\/sitios\/huertos\/#website\",\"url\":\"https:\/\/haciendosinapsys.org\/sitios\/huertos\/\",\"name\":\"Huertos - Sinapsys\",\"description\":\"\",\"publisher\":{\"@id\":\"https:\/\/haciendosinapsys.org\/sitios\/huertos\/#organization\"},\"potentialAction\":[{\"@type\":\"SearchAction\",\"target\":{\"@type\":\"EntryPoint\",\"urlTemplate\":\"https:\/\/haciendosinapsys.org\/sitios\/huertos\/?s={search_term_string}\"},\"query-input\":{\"@type\":\"PropertyValueSpecification\",\"valueRequired\":true,\"valueName\":\"search_term_string\"}}],\"inLanguage\":\"es\"},{\"@type\":\"Organization\",\"@id\":\"https:\/\/haciendosinapsys.org\/sitios\/huertos\/#organization\",\"name\":\"Huertos - Sinapsys\",\"url\":\"https:\/\/haciendosinapsys.org\/sitios\/huertos\/\",\"logo\":{\"@type\":\"ImageObject\",\"inLanguage\":\"es\",\"@id\":\"https:\/\/haciendosinapsys.org\/sitios\/huertos\/#\/schema\/logo\/image\/\",\"url\":\"https:\/\/haciendosinapsys.org\/sitios\/huertos\/wp-content\/uploads\/sites\/2\/2024\/09\/Logo-original-vertical.png\",\"contentUrl\":\"https:\/\/haciendosinapsys.org\/sitios\/huertos\/wp-content\/uploads\/sites\/2\/2024\/09\/Logo-original-vertical.png\",\"width\":910,\"height\":1107,\"caption\":\"Huertos - Sinapsys\"},\"image\":{\"@id\":\"https:\/\/haciendosinapsys.org\/sitios\/huertos\/#\/schema\/logo\/image\/\"},\"sameAs\":[\"https:\/\/www.facebook.com\/prepa55\"]}]}<\/script>\n<!-- \/ Yoast SEO plugin. -->","yoast_head_json":{"title":"Huerto Urbano P\u00edpila \u00a0 - Huertos - Sinapsys","robots":{"index":"index","follow":"follow","max-snippet":"max-snippet:-1","max-image-preview":"max-image-preview:large","max-video-preview":"max-video-preview:-1"},"canonical":"https:\/\/haciendosinapsys.org\/sitios\/huertos\/huerto-urbano-pipila\/","og_locale":"es_MX","og_type":"article","og_title":"Huerto Urbano P\u00edpila \u00a0 - Huertos - Sinapsys","og_description":"La Preparatoria 55 en convenio con la Alcald\u00eda Iztapalapa, la Territorial Acahualtepec-Teotongo, la Preparatoria 224, la Universidad Revoluci\u00f3n, la Universidad Miravalle y la Universidad Nacional Comunitaria ha hecho posible la rehabilitaci\u00f3n del &#8220;Huerto Urbano P\u00edpila&#8221;.\u00a0El prop\u00f3sito de este proyecto, es poner en pr\u00e1ctica la construcci\u00f3n colectiva del conocimiento derivada de la autogesti\u00f3n curricular para la [&hellip;]","og_url":"https:\/\/haciendosinapsys.org\/sitios\/huertos\/huerto-urbano-pipila\/","og_site_name":"Huertos - Sinapsys","article_publisher":"https:\/\/www.facebook.com\/prepa55","article_modified_time":"2024-03-02T22:58:51+00:00","og_image":[{"url":"https:\/\/haciendosinapsys.org\/sitios\/huertos\/wp-content\/uploads\/sites\/2\/2023\/11\/huerto_pipila-1024x576.jpg","type":"","width":"","height":""}],"twitter_card":"summary_large_image","twitter_misc":{"Tiempo de lectura":"2 minutos"},"schema":{"@context":"https:\/\/schema.org","@graph":[{"@type":"WebPage","@id":"https:\/\/haciendosinapsys.org\/sitios\/huertos\/huerto-urbano-pipila\/","url":"https:\/\/haciendosinapsys.org\/sitios\/huertos\/huerto-urbano-pipila\/","name":"Huerto Urbano P\u00edpila \u00a0 - Huertos - Sinapsys","isPartOf":{"@id":"https:\/\/haciendosinapsys.org\/sitios\/huertos\/#website"},"primaryImageOfPage":{"@id":"https:\/\/haciendosinapsys.org\/sitios\/huertos\/huerto-urbano-pipila\/#primaryimage"},"image":{"@id":"https:\/\/haciendosinapsys.org\/sitios\/huertos\/huerto-urbano-pipila\/#primaryimage"},"thumbnailUrl":"https:\/\/haciendosinapsys.org\/sitios\/huertos\/wp-content\/uploads\/sites\/2\/2023\/11\/huerto_pipila-1024x576.jpg","datePublished":"2023-11-13T02:31:37+00:00","dateModified":"2024-03-02T22:58:51+00:00","breadcrumb":{"@id":"https:\/\/haciendosinapsys.org\/sitios\/huertos\/huerto-urbano-pipila\/#breadcrumb"},"inLanguage":"es","potentialAction":[{"@type":"ReadAction","target":["https:\/\/haciendosinapsys.org\/sitios\/huertos\/huerto-urbano-pipila\/"]}]},{"@type":"ImageObject","inLanguage":"es","@id":"https:\/\/haciendosinapsys.org\/sitios\/huertos\/huerto-urbano-pipila\/#primaryimage","url":"https:\/\/haciendosinapsys.org\/sitios\/huertos\/wp-content\/uploads\/sites\/2\/2023\/11\/huerto_pipila.jpg","contentUrl":"https:\/\/haciendosinapsys.org\/sitios\/huertos\/wp-content\/uploads\/sites\/2\/2023\/11\/huerto_pipila.jpg","width":1280,"height":720},{"@type":"BreadcrumbList","@id":"https:\/\/haciendosinapsys.org\/sitios\/huertos\/huerto-urbano-pipila\/#breadcrumb","itemListElement":[{"@type":"ListItem","position":1,"name":"Home","item":"https:\/\/haciendosinapsys.org\/sitios\/huertos\/"},{"@type":"ListItem","position":2,"name":"Huerto Urbano P\u00edpila \u00a0"}]},{"@type":"WebSite","@id":"https:\/\/haciendosinapsys.org\/sitios\/huertos\/#website","url":"https:\/\/haciendosinapsys.org\/sitios\/huertos\/","name":"Huertos - Sinapsys","description":"","publisher":{"@id":"https:\/\/haciendosinapsys.org\/sitios\/huertos\/#organization"},"potentialAction":[{"@type":"SearchAction","target":{"@type":"EntryPoint","urlTemplate":"https:\/\/haciendosinapsys.org\/sitios\/huertos\/?s={search_term_string}"},"query-input":{"@type":"PropertyValueSpecification","valueRequired":true,"valueName":"search_term_string"}}],"inLanguage":"es"},{"@type":"Organization","@id":"https:\/\/haciendosinapsys.org\/sitios\/huertos\/#organization","name":"Huertos - Sinapsys","url":"https:\/\/haciendosinapsys.org\/sitios\/huertos\/","logo":{"@type":"ImageObject","inLanguage":"es","@id":"https:\/\/haciendosinapsys.org\/sitios\/huertos\/#\/schema\/logo\/image\/","url":"https:\/\/haciendosinapsys.org\/sitios\/huertos\/wp-content\/uploads\/sites\/2\/2024\/09\/Logo-original-vertical.png","contentUrl":"https:\/\/haciendosinapsys.org\/sitios\/huertos\/wp-content\/uploads\/sites\/2\/2024\/09\/Logo-original-vertical.png","width":910,"height":1107,"caption":"Huertos - Sinapsys"},"image":{"@id":"https:\/\/haciendosinapsys.org\/sitios\/huertos\/#\/schema\/logo\/image\/"},"sameAs":["https:\/\/www.facebook.com\/prepa55"]}]}},"_links":{"self":[{"href":"https:\/\/haciendosinapsys.org\/sitios\/huertos\/wp-json\/wp\/v2\/pages\/6","targetHints":{"allow":["GET"]}}],"collection":[{"href":"https:\/\/haciendosinapsys.org\/sitios\/huertos\/wp-json\/wp\/v2\/pages"}],"about":[{"href":"https:\/\/haciendosinapsys.org\/sitios\/huertos\/wp-json\/wp\/v2\/types\/page"}],"author":[{"embeddable":true,"href":"https:\/\/haciendosinapsys.org\/sitios\/huertos\/wp-json\/wp\/v2\/users\/1"}],"replies":[{"embeddable":true,"href":"https:\/\/haciendosinapsys.org\/sitios\/huertos\/wp-json\/wp\/v2\/comments?post=6"}],"version-history":[{"count":23,"href":"https:\/\/haciendosinapsys.org\/sitios\/huertos\/wp-json\/wp\/v2\/pages\/6\/revisions"}],"predecessor-version":[{"id":134,"href":"https:\/\/haciendosinapsys.org\/sitios\/huertos\/wp-json\/wp\/v2\/pages\/6\/revisions\/134"}],"wp:attachment":[{"href":"https:\/\/haciendosinapsys.org\/sitios\/huertos\/wp-json\/wp\/v2\/media?parent=6"}],"curies":[{"name":"wp","href":"https:\/\/api.w.org\/{rel}","templated":true}]}}